. What is j(r)?
-4
Let h(w) be the first derivative of -w**7/840 + w**6/72 - w**5/24 - w**4/24 - w**3/3 - 9. Let v(i) be the third derivative of h(i). Calculate v(4).
-5
Let v(w) = -3*w - 3. Let j(c) = -c**3 + 6*c**2 + 6*c + 5. Let i be j(7). Let s be v(i). Let b(l) = 2 - l**3 + 0*l**s + l + 0. Give b(2).
-4
Let l(q) be the third derivative of -q**7/840 + q**6/120 - q**5/30 + q**4/8 - 7*q**3/6 - 2*q**2. Let o(h) be the first derivative of l(h). Calculate o(2).
-1
Let g(d) be the first derivative of d**4/4 + 5*d**3/3 + d**2 + 19. What is g(-3)?
12
Let o be 4/6 - 2/3. Let j = o - -8. Suppose j*k - 25 = 3*k. Let n(m) = m**2 - 7*m + 5. Calculate n(k).
-5
Suppose -p - 2*p - 7 = -4*o, -4*p + 12 = 0. Let d(w) = w**3 - 4*w**2 - 2*w + 4. Determine d(o).
-4
Suppose k = 3*k - 2. Let c(n) be the third derivative of n**6/12 - n**3/6 - 2*n**2. Give c(k).
9
Let f(v) = v**2 + 3*v - 2. Let r be f(-3). Let b be ((-1)/r)/((-2)/(-8)). Let h(x) = -3 - 5*x**2 + 2*x**2 + 4 + 0*x**b. Determine h(-1).
-2
Let r = 7 - 3. Let b(j) = -r*j**2 - 2*j - 4 + 2 + 1. Let u be 2/3 - 10/6. Give b(u).
-3
Let x(g) be the third derivative of -g**5/60 + g**4/24 + g**3/3 + 3*g**2. Calculate x(4).
-10
Let d(x) = 28*x - 14. Let p be d(1). Let c(y) = y**2 - 14*y - 6. Calculate c(p).
-6
Let x = -34 - -32. Let q = 1 - -1. Let a(z) = 3*z - q*z + 0*z. Calculate a(x).
-2
Let b = 10 + -7. Let x(y) = -b*y**2 + y - 6*y + 4*y**2 - 1. Give x(6).
5
Let l(j) = -2*j - 6. Let g be (-1)/1*(-15 + 3). Suppose -4*x + x - g = 0. Determine l(x).
2
Let u(r) be the second derivative of 7/6*r**3 + 0 - 1/12*r**4 + 4*r + 5/2*r**2. What is u(6)?
11
Suppose -2*o + 3*o = -1, 4*u - 5*o = 13. Suppose 4 = u*b + 2*b. Let z be (-6)/(-6)*(b + -1). Let m(y) = -y - 8. What is m(z)?
-8
Let z(v) = 8*v + 2. Let h(o) = 7*o + 3. Let l(b) = -7*h(b) + 6*z(b). Give l(-4).
-5
Let v(p) = -4*p**2 - p + 1. Let l(b) = b**2 - 8*b - 5. Let q be l(9). Let c = 5 - q. Give v(c).
-4
Let b(d) = d**3 + 5*d**2 + 4*d - 1. Let j(a) = -3*a. Let s be j(-1). Suppose 1 - 10 = s*q. Determine b(q).
5
Let d(w) = w + 8. Let r be d(-4). Let l(i) = -r - 69*i + 2 + 71*i + 5. Calculate l(-3).
-3
Let w(t) = t - 5. Let o(g) = -6*g + 25. Let d = -21 - -10. Let z(l) = d*w(l) - 2*o(l). Let s = 1 - 6. Give z(s).
0
Let g(k) = 2*k - 2. Let u be g(3). Suppose 2*f = 3 + 3. Let r(o) = -5 + 2*o**2 + 7*o - 4*o**2 + o**3 - f*o**2. Determine r(u).
7
Let x(l) = 10*l + 5 + 0*l - 8*l. What is x(-6)?
-7
Suppose -3*t - 5 = -2*t. Let f = t - -8. Let c(k) = -k**2 + 4*k - 2. Calculate c(f).
1
Let t(j) = -j**3 - 3*j**2 + 3*j + 3. Let x be 0/(0 + 0 + -1). Suppose a + 2*a + 12 = x. What is t(a)?
7
Let u be ((-1)/(-2))/((-3)/(-12)). Let m be (-1)/(-1 + u/4). Suppose -m*r + 8 = q, -q - r + 1 = -4. Let v(b) = b**2 + b. Determine v(q).
6
Let l(h) = -h. Let m = 11 + -6. Let z be l(m). Let p(i) = 3*i + 3. What is p(z)?
-12
Let x(u) be the third derivative of u**5/60 - u**4/12 + 12*u**2. Calculate x(5).
15
Let s(f) be the third derivative of 0 + 0*f + 0*f**4 + f**2 + 1/3*f**3 - 1/60*f**5. What is s(0)?
2
Let v(t) = 20*t. Let s = 58 + -59. Calculate v(s).
-20
Let t be (-54)/135*(-15)/(-1). Let k(w) be the second derivative of w**3/6 + 4*w**2 + w. Give k(t).
2
Let h(q) = q**3 + 9*q**2 + 4*q - 4. Let d be h(-8). Let k be 2/(-3) + d/6. Let f(m) be the third derivative of -m**4/12 + 2*m**3/3 + m**2. Calculate f(k).
-4
Let n(p) = -p**3 + 6*p**2 + 8. Let m be 9/((21/(-2))/(-7)). Determine n(m).
8
Let c(y) = -y**2 - y - 1. Let q(o) = -2*o**2 + 6*o - 6. Let x(d) = c(d) - q(d). Let z = 9 + -10. Let b(m) = -4*m. Let j be b(z). Calculate x(j).
-7
Let w(t) = -t - 2. Let j be w(0). Let s be j/(-5) - 18/(-5). Let b(x) = 2*x + 4 - x**2 + 3*x**2 - 3*x**2. What is b(s)?
-4
Let j(l) = -3*l**2 - 2*l - 6. Let o(b) = b**3 + 4*b**2 + b + 5. Let d be o(-4). Let h(p) = -p**2 + p. Let z(x) = d*j(x) - 2*h(x). What is z(-4)?
-6
Let u(o) = 2*o**2 - 3*o - 2. Let n be -3 + (-96)/56*7/(-2). Determine u(n).
7
Let n be (15 - 10)*(-1)/1. Let z(l) = 2*l + 7. Determine z(n).
-3
Suppose 11 = 2*q - 7. Let g(t) = 5 - 2 - q*t + 6*t. Determine g(3).
-6
Let f(y) = y - 9. Let q(s) = s - 8. Let h(u) = -2*f(u) + 3*q(u). Let d = -12 + 18. Determine h(d).
0
Let c(a) = -11*a + 17. Let q(d) = -d - 27. Let m(t) = t + 14. Let x(w) = 11*m(w) + 6*q(w). Let g(v) = -6*c(v) - 13*x(v). Give g(-6).
-4
Suppose 0 = -5*c + 3*c - 8. Let j(g) = 1. Let n(t) be the first derivative of -t**4/4 - 4*t**3/3 + 8*t - 3. Let f(z) = -4*j(z) + n(z). Calculate f(c).
4
Let u(q) = q**3 + 5*q**2 + 9*q**2 + 4 - 6 - 6*q**2. Let s be u(-8). Let j(d) = -2*d**2 - 2*d - 3. Calculate j(s).
-7
Let h = -7 + 7. Let k(w) be the third derivative of -w**7/5040 + w**6/360 + w**5/60 + w**2. Let t(s) be the third derivative of k(s). Calculate t(h).
2
Let z(h) = 2*h**2 + 3*h - 3. Let m be z(-3). Let k(j) = -j**2 + 8*j - 8. What is k(m)?
4
Let f(d) be the second derivative of d**4/12 + d**3/2 - d**2 - 38*d. Give f(4).
26
Let q(p) = -p**3 + 5*p**2 - 3*p - 3. Let n be q(4). Let t(z) = -8*z**3 + z - 1. Give t(n).
-8
Let f(c) = 10 + 3*c - 7 - 7. Let l(w) = -2*w + 3. Let t(y) = y**3 - 3*y**2 - 2*y - 1. Let p be t(4). Let m(s) = p*l(s) + 5*f(s). What is m(2)?
3
Let n(c) = 7*c**3 + 2*c**2 - 2*c - 21. Let t(f) = 3*f**3 + f**2 - f - 10. Let x(k) = 4*n(k) - 9*t(k). Let y(h) be the first derivative of x(h). Give y(1).
2
Let f(a) = a + 3. Let b be 18*((-2)/(-4))/1. Suppose 12 = 4*i, 0 = 5*x - 7*i + 4*i + b. Calculate f(x).
3
Let h(l) be the third derivative of -l**9/60480 + l**8/10080 + l**7/1260 - l**6/720 - l**5/20 - 3*l**2. Let r(d) be the third derivative of h(d). Give r(3).
2
Let y = 44 + -42. Let n(p) = 2*p. Determine n(y).
4
Let h(c) = -3*c + 3*c**2 - 4*c**2 + 7 + 6*c. Let z be -1 + (-1 - -1*2). Suppose -21 = -3*u - 2*j, u = -z*u + 3*j - 4. What is h(u)?
-3
Let m(j) = -6*j + 1. Let c(n) = 2*n. Let t(z) = -11*c(z) - 4*m(z). Give t(6).
8
Suppose 48 = 27*j - 35*j. Let u(g) = -2*g - 9. Give u(j).
3
Let n be (-6)/(-8) + (5 - 2/(-8)). Let j(z) = -z**3 + 6*z**2 - 3*z + 6. Calculate j(n).
-12
Let y(k) be the second derivative of 0 + 1/20*k**5 + 1/3*k**3 + 1/2*k**4 + 9/2*k**2 + 3*k. Determine y(-6).
-3
Let u(d) be the third derivative of d**5/60 + d**4/4 + d**3/2 - 21*d**2. Calculate u(-5).
-2
Let q(v) = -241 + 243 + 5*v**2 + 3*v - v**2. Give q(-2).
12
Let w(t) = -t - 1. Let j(z) = -2*z - 3. Let l(p) = -j(p) + 4*w(p). Let k be 12/(-8)*(33/9 - 3). Calculate l(k).
1
Let s(c) be the second derivative of c**4/12 - c**3 + 2*c**2 + c. Let q be ((-4)/(-1) + -3)*5. Determine s(q).
-1
Let i(f) = 1 + 2 + 3*f + 2*f**2 - 3 - f**3 - 3. Let l = -1 + 4. Determine i(l).
-3
Let u be 2/8 - 60/(-16). Let z(r) = 5*r**3 - 7*r**2 - 2*r - 5. Let o(m) = -11*m**3 + 15*m**2 + 4*m + 11. Let p(g) = u*o(g) + 9*z(g). Calculate p(2).
-9
Suppose -5*z + 4*a = 5, 4*z - z + 4*a + 35 = 0. Let w(c) = c**2 + 5*c + 1. Give w(z).
1
Let y(p) = p**3 - 5*p**2 + 10 + 2*p + 0*p**3 - 9. Determine y(4).
-7
Let w be 6/30 - (-19)/5. Suppose w*d + 4*n = -d - 18, 0 = -d - 2*n. Let c(l) = -2*l. Calculate c(d).
12
Let u(z) = -z - 1 + 0 - 1 + 2*z. Let c be 6*(0 - (-1)/2). Calculate u(c).
1
Let q(n) = -10*n**2 - 4*n - 3. Let s(l) = 21*l**2 + 7*l + 5. Let k(v) = 5*q(v) + 3*s(v). Give k(-1).
12
Let a(n) = 2*n**3 - 2*n**2 + 2*n - 2. Let z = 98 - 96. Calculate a(z).
10
Let p(i) = i**3 + 7*i**2 + 4*i - 7. Suppose n - 2*u = 9, -2*n + 5*u = -15 - 6. Suppose 0 = -5*h + n*h - 12. Calculate p(h).
5
Let x(k) be the third derivative of k**5/60 - k**4/6 + 2*k**3/3 - 16*k**2. Give x(3).
1
Let d be 2/5 + (-28)/(-5). Suppose d = 3*i - 5*u, -u + 2*u + 2 = i. Let s(p) = 3 - 4 - i*p - 5*p. Calculate s(1).
-8
Let y(q) = -3*q**2 - 2*q + 2. Suppose -25*g = -20*g + 10. Give y(g).
-6
Suppose 1 - 10 = -3*l. Let o be ((-5)/4)/(l/12). Let y(z) = z**2 + 5*z + 7. Determine y(o).
7
Let a = 13 + -8. Let z(t) = -t**3 + 6*t**2 - 4*t - 2. Calculate z(a).
3
Let k(d) = d - 5. Suppose 0*h + 5*h - 17 = 3*l, 2*l = -2*h + 10. Calculate k(h).
-1
Let i(d) = -5*d**2 + 31*d + 1. Let k(c) = -c**2 + 6*c. Let z(w) = -2*i(w) + 11*k(w). Calculate z(6).
-14
Suppose 155 = 4*k - 173. Let v(w) = 5*w - 82 + k. Give v(1).
5
Suppose -1 - 3 = 2*u + 2*n, 2*u + 3*n + 8 = 0. Let r(a) = -a + 9 - 2*a**u - 7 + 3*a - 3*a. Give r(-2).
-4
Let s(p) be the third derivative of p**6/40 + p**5/60 + 4*p**2. Determine s(